 - 10 = 4*a, j - 6 = 5*a. Let h(p) be the second derivative of p**2 + 0*p**3 - 1/20*p**5 - 1/4*p**4 + 0 - 4*p. Calculate h(a).
-2
Let q(g) be the first derivative of 2*g**3 - 68. Let r = 64 - 65. What is q(r)?
6
Suppose 292 = 33*z + 127. Let g(y) be the third derivative of 0 + 0*y - 1/20*y**z - 1/40*y**6 - 1/12*y**4 - 1/2*y**3 - 24*y**2. What is g(-2)?
13
Let o(p) be the second derivative of 2*p**3/3 - 43*p**2/2 - 4*p - 321. What is o(8)?
-11
Let k = -2601 - -2606. Let d(p) = -p + 27. Calculate d(k).
22
Suppose 9*q = 8*q - 7. Let t(j) = 2*j + 10. Let i be t(q). Let x(m) = 7*m + 2. Determine x(i).
-26
Let f(l) = l**3 - 5*l**2 + 9*l - 4. Let u = -226 + -143. Let q = -366 - u. Calculate f(q).
5
Let n(c) = -2*c**2 - 32*c - 23. Suppose 16*u + 2805 = 2565. Determine n(u).
7
Let t(s) be the first derivative of s**3/3 + 8*s**2 - 10*s - 3869. Calculate t(-17).
7
Suppose -5 = -0*v - 5*v. Suppose 4 = -3*f + v. Let x(p) be the second derivative of 2*p**4/3 + p**2/2 - 10*p - 9. Calculate x(f).
9
Let p(z) = z**2 + 17*z + 8. Suppose -86*q = -q + 1020. Calculate p(q).
-52
Suppose -d - 17 = -4*h, 4*d - h - h = -12. Let m be (4/(-6))/(22/(-33)). Let z(s) = 0 + 4*s**2 + 0*s + m + s + 0. Calculate z(d).
4
Let s(g) = -4800*g**2 + 4796*g**2 - 4*g + 2 - 1 - 2 + 0*g. Calculate s(-3).
-25
Let n be (-3 + 18)*3/(-9). Let a(b) = 9*b + 13. Let v(c) = -5*c - 6. Let p(o) = a(o) + 2*v(o). What is p(n)?
6
Let q(t) = 27*t**3 + 9*t**2 + 26*t + 8. Let y(o) = -30*o**3 - 8*o**2 - 23*o - 7. Let r(z) = -8*q(z) - 9*y(z). Determine r(-1).
-54
Let y(x) = 2*x - 11. Let c be (-3)/(-2) + 480/(-64) + 5. Give y(c).
-13
Let t(a) = 14*a**3 + 3*a**2 - 21*a - 26. Let j(k) = 7*k**3 - k**2 - 11*k - 14. Let d(w) = 7*j(w) - 4*t(w). Determine d(-3).
3
Let h(g) = -26 + 7*g - 29 - 10 + 64. Let p = -3 - -6. Suppose 0*m = p*m - 3. Determine h(m).
6
Let t = 124 - 44. Let p = 81 - t. Let k(o) = -p - 10*o**2 + 3*o**2 - 2*o + 0*o. Determine k(-1).
-6
Let c(d) = -d**3 + 17*d**2 + 3*d - 45. Let a(k) = 147*k + 3545. Let u be a(-24). Calculate c(u).
6
Let t(i) = -3*i + 6. Let d(m) = -m - 1. Let y(b) = 4*d(b) + t(b). Let j(c) = 1846*c - 1844. Let f be j(1). What is y(f)?
-12
Let m(d) be the first derivative of 1/4*d**4 - 18 - 1/2*d**2 - 8*d + 1/3*d**3. Suppose -h - 2*w = -2*h + 4, 6 = 5*h - 3*w. What is m(h)?
-8
Let d(f) be the third derivative of f**5/30 - 13*f**4/24 - 2*f**3/3 - 13116*f**2. Calculate d(6).
-10
Let f(r) = 38*r + 51. Let t(a) = -17*a - 22. Let y(z) = -4*f(z) - 9*t(z). Give y(12).
6
Let v(w) = -w**2 + 5*w + 10. Let y(h) = -h**2 + 5*h + 9. Let q(a) = 4*v(a) - 5*y(a). Let j be ((-10)/(-4)*1)/((-17)/(-34)). Give q(j).
-5
Let c(l) = -72*l + 209. Let p(q) = 43*q - 103. Let u(z) = 4*c(z) + 7*p(z). What is u(-8)?
11
Suppose 0 = 4*w - 19 + 7. Let p(h) = -3*h - w + h - 2*h + 2*h. Determine p(-3).
3
Let q(x) be the second derivative of x**8/6720 + x**7/504 - x**6/120 + x**5/120 + 65*x**4/12 + 57*x. Let h(g) be the third derivative of q(g). Calculate h(-6).
1
Let c(h) be the first derivative of -h**4/2 - 5*h**3/3 - h**2 + 4*h + 371. Let r = -174 + 171. What is c(r)?
19
Let t(r) be the third derivative of -r**5/60 + 7*r**4/6 + 31*r**3/3 - r**2 + 71*r. What is t(30)?
2
Let v(s) = 2*s. Suppose -4*m + 11 = m + 2*d, -5*m = -2*d + 1. Let g be v(m). Suppose 0 = -g*a + q - 11, -5*q = -4*a - q - 24. Let h(p) = p + 5. Calculate h(a).
0
Let w(d) be the third derivative of -d**5/60 + 17*d**4/6 - 245*d**3/6 - 7542*d**2. Give w(64).
11
Let b(d) = -92*d**2 + 33*d + 2*d**3 - 91 + 130*d**2 - 66*d**2. Calculate b(13).
0
Let y = -79 - -82. Let w(i) = 35*i**3 + 30*i**y - 66*i**3. What is w(0)?
0
Let o = 390 + -394. Let v(u) = 3*u - u**3 - 13*u + 8*u - 3 - 4*u**2. Calculate v(o).
5
Let k be 16/10*(-60)/(-24). Suppose 3*c - 8 = k. Let q(x) = x**2 + x. Determine q(c).
20
Suppose -6*o - 237 = -219. Let d(l) = -12*l - 2. Give d(o).
34
Let l(c) = c**3 + 5*c**2 + 3*c - 1. Let n be 8/(-28) + -1 + 121/7. Suppose -2*o + 4*t + 2 = 0, -n*o + 11*o + 4*t = 7. What is l(o)?
8
Let c(d) be the first derivative of d**3/3 - 2*d**2 - d - 26. Let g(q) be the first derivative of q**4/4 + 3*q**3 - 3*q + 12. Let j be g(-9). What is c(j)?
20
Let u(m) = -m**2 + 4*m + 5. Suppose 18*z - 80 = -8. Suppose z*v + 4*k - 3 - 9 = 0, -2*k = -4*v + 30. What is u(v)?
-7
Suppose -4*m = -8 - 4. Suppose -2*r - 5*v = m, 0 = 4*r + 3*v + 27. Let g(u) = 2*u. Give g(r).
-18
Let p = -167 - -215. Let z be (-12)/p - (-3 + 9/(-4)). Let f(n) = n**2 - 9*n + 6. Let k(h) = -h**2 + 10*h - 6. Let d(y) = -3*f(y) - 2*k(y). Give d(z).
4
Suppose 3*i - 125 = -2*d, 3*d + 5 = 2*d. Suppose 4*u + i - 57 = 0. Let r(g) be the first derivative of -g**2 + 1. Give r(u).
-6
Let h(q) = -5*q**3 - 3*q**2 + 2*q + 13. Let c(v) = 11*v**3 + 5*v**2 - 2*v - 25. Let y(w) = -4*c(w) - 9*h(w). Calculate y(-8).
-1
Let a = -1304 + 31297/24. Let r(q) be the third derivative of 25*q**2 + 1/2*q**3 + 0*q + 0 - a*q**4. What is r(3)?
0
Let h(g) = 34*g - 6 - 11*g**2 - 30*g + 52*g. Let n be h(5). Let i(v) = 17*v + 2. Determine i(n).
-15
Let i(s) = 15*s - 8*s - 5*s - s - 11. Let j(z) = -21*z + 89. Let u be j(4). Give i(u).
-6
Let a(x) be the first derivative of x**3/3 + 7*x**2/2 + 8*x + 1. Let d(t) = -400*t + 74791. Let b be d(187). Calculate a(b).
26
Let v(x) = 34*x**2 - 2*x - 1. Let u be v(1). Let s = u - 29. Let w(b) = 3*b**2 - 2*b + 2. Determine w(s).
10
Let a(n) be the first derivative of -n**4/4 - 11*n**3/3 + 5*n**2 + 5*n + 1447. What is a(-12)?
29
Let k(l) = 2*l**3 - 2*l**2 - 2*l + 1. Let h = -785 + 830. Suppose -40*r - 25 = -h*r, -5*r = s - 28. Give k(s).
31
Let k(c) = -31 + 3 - 5 + 18 + 2*c - 15. What is k(18)?
6
Suppose 2*t - 62 = 166. Let z(d) = -111*d**2 + d + 4*d**3 + t*d**2 - 5 + d**3. Let y(o) = -o**2 + 1. Let b(s) = 4*y(s) + z(s). Determine b(1).
4
Let j(t) be the first derivative of t**4/4 + 4*t**3 - t**2/2 + 2*t + 17242. Suppose 4*q - b = -0*b - 51, 3*q + 42 = 2*b. Give j(q).
14
Let v = -27 - -26. Let i(y) = 67*y. Let h(f) = -988*f. Let p(o) = 9*h(o) + 133*i(o). What is p(v)?
-19
Let h(d) = d**3 + 18*d**2 + 33*d + 23. Suppose -5*i - m - 88 = 0, 13*i + m = 11*i - 40. Give h(i).
7
Let k(q) = -3 + 1 - 1 - q**2 - 4*q. Let d(x) = -3*x + 7. Let v be d(-3). Suppose -v = 2*f - 4*o - 0*o, -4*f + 5*o = 29. What is k(f)?
-15
Let u(x) be the third derivative of -x**6/720 - x**5/40 + 41*x**4/24 - 41*x**2. Let k(i) be the second derivative of u(i). Let n = -16 + 10. Calculate k(n).
3
Let l = 191745 + -191743. Let q(j) = -4 + j + 6 + 4*j. What is q(l)?
12
Let k(g) = -2*g + 33. Let n be k(15). Suppose n*w - 15 = 0, -o = -0*w - w + 3. Let c(i) = -9*i**3 - 5 + 2 + 2*i + 10*i**3. Calculate c(o).
9
Let t(l) = -l**3 - 4*l**2 + 5*l - 7. Let j = 334 + -328. Suppose -12*c = -j*c + 30. Determine t(c).
-7
Let d(u) be the second derivative of -u**4/3 - 2*u**3/3 - 3*u**2/2 + 13*u. Let g be 9/(-3) + 0 - 1. Let v = -6 - g. Determine d(v).
-11
Let z(n) = 5*n + 1. Let c = 64 - 65. Let i be -5 - -2 - (62 + c). Let t = -62 - i. What is z(t)?
11
Let a = -3458 - -3445. Let g(p) = -p**3 - 14*p**2 - 17*p + 11. Give g(a).
63
Let y = 188 + -188. Let x(n) = 1 + y - n**2 + 234*n**3 - 226*n**3. What is x(1)?
8
Suppose -j = 36*g - 37*g, -j - 3 = -2*g. Let s(m) = -g + 0*m**3 - m**3 + 2*m**3 - 5*m + 1 + 0. Determine s(-3).
-14
Let c = -49 - -93. Let t(a) = 0*a + 48*a**2 - c*a**2 + a + a**3. Give t(-4).
-4
Suppose -j + 3*j - 14 = 5*b, 2*b = 2*j - 26. Let n = -11 + j. Let q(y) = y**2 - 7*y + 3. What is q(n)?
-3
Suppose 15 = 6*b - b. Let h(u) = -3 + 0*u - 4*u**3 + u**2 + 3*u**b - 1 - u. Let j(g) = 2*g**2 + 2*g. Let l be j(0). Determine h(l).
-4
Suppose 45 - 51 = -m. Let n(o) = 7 - o**3 - 16 - 2*o + m*o + 6*o**2 + 1. Calculate n(6).
16
Let f(w) = -w**2 - 24*w - 52. Let c(z) = -z**2 - 11*z + 59. Let q be c(5). Determine f(q).
11
Let u(a) = 4*a + 120. Let s(n) = n**3 + 31*n**2 - n - 32. Let i be s(0). What is u(i)?
-8
Let h(y) be the second derivative of -y**8/6720 + y**7/280 + y**6/72 - y**5/120 - 7*y**4/6 - 12*y + 1. Let d(i) be the third derivative of h(i). What is d(10)?
-1
Let s(i) = -i**3 + 4*i**2 + 8*i - 7. Let o be s(5). Let l(r) = -12*r - 28. Let h(v) = 7*v + 15. Let n(c) = -7*h(c) - 4*l(c). Calculate n(o).
-1
Let s(l) = 12*l**3 - 4*l**2 + 3*l + 4. Let p(x) be the first derivative of -5*x**4/4 + 2*x**3/3 - x**2 - 2*x - 33. Let i(c) = 7*p(c